ainder when 30 - (2 + -2) - 2 is divided by k?
8
Let i = -12 - -12. Suppose -d + 6 - 1 = i. Calculate the remainder when 22 is divided by d.
2
Let n = -31 + 49. Let o = 7 - 4. Let w = o - -50. Calculate the remainder when w is divided by n.
17
Suppose -3*a = -2*v + 16 + 21, 4*a + 103 = 5*v. Suppose 5*i - 4*x = 351, -2*i - 3*x - 2*x = -114. Calculate the remainder when i is divided by v.
21
Let a(h) = h**3 + 5*h**2 - 7*h + 6. Let o be a(-6). What is the remainder when 38 is divided by o + (-1 - -2 - 0)?
12
Let f be (1/2)/(3/(-90)). Let d = f + 21. Suppose -d*l + l + 145 = 0. Calculate the remainder when l is divided by 10.
9
Calculate the remainder when 20 is divided by (-2)/(-2 - 36/(-21)).
6
Let p = -46 - -84. Calculate the remainder when p is divided by 13.
12
Let r(f) = f**2 + 9*f + 10. Calculate the remainder when (-139)/(-5) + (-1)/(-5) is divided by r(-9).
8
Calculate the remainder when 28 is divided by (-59)/(-4) - 2/(-8).
13
Let m(h) = h**2 - 4*h + 1. Calculate the remainder when 35 is divided by m(5).
5
Suppose -3*w - 2*w = -90. Suppose l - 2*s = -l + w, -3*l + 4*s + 31 = 0. Calculate the remainder when 24 is divided by l.
4
Let m = 2 - -3. Suppose 0*n + 45 = m*n. What is the remainder when 25 is divided by n?
7
Suppose -21 = -3*j + k, -2*j + 4 = 5*k - 10. Suppose w + 3*r + 16 = -1, 3*w + 31 = -4*r. Let m = 9 + w. What is the remainder when j is divided by m?
3
Suppose 6*u = u - 20. Let t be (u/5)/(10/(-25)). Suppose t*f + 12 = 3*f. Calculate the remainder when f is divided by 5.
2
Suppose -4 = -0*x - 2*x. Suppose -x*y = 5 + 21. Let k = y + 22. Calculate the remainder when 16 is divided by k.
7
Suppose n + 2*b - 26 = 0, 5*n + b - 142 = -3*b. Suppose 0*c + n = 3*c. Calculate the remainder when 27 is divided by c.
7
Let o(d) = d**3 + 7*d**2 + 2*d + 8. Suppose -k + u - 2 = -6, 0 = -5*k + 3*u + 12. Suppose k = -2*m - m + 33. Calculate the remainder when o(-6) is divided by m.
10
Suppose 5*d - 143 = -13. Suppose 0 = 2*n - d - 38. Calculate the remainder when n is divided by 17.
15
Let t(d) be the first derivative of -d**4/4 + 2*d**3 + 3*d**2/2 - 3*d - 6. Calculate the remainder when 40 is divided by t(6).
10
Let i(a) = 21*a + 1. Suppose 3*z - 6 = -3*r, z - 4 = -2*z - 5*r. What is the remainder when i(1) is divided by (-8*1)/((-2)/z)?
10
Let c(i) = -i**3 + 2*i**2 + i - 5. What is the remainder when c(-3) is divided by 22?
15
Let p(d) be the first derivative of -4*d**2 + 2 - 8/3*d**3 - 3*d - 1/4*d**4. Calculate the remainder when p(-7) is divided by 2.
0
Let l(d) = d**3 + 5*d**2 - 3*d - 5. Let r be 8 + -20 + -1 + 0. Let j = r - -8. Calculate the remainder when 29 is divided by l(j).
9
Suppose 0*l = 3*l - 39. What is the remainder when 23 is divided by l?
10
What is the remainder when -3*((-148)/12 - 0) is divided by 13?
11
Suppose 59 = -3*a + 4*a + 5*g, 147 = 3*a + 5*g. Calculate the remainder when 86 is divided by a.
42
Let x = 6 - 1. Suppose -74 = -3*i + 4*a, 3*a - 6*a - 87 = -4*i. What is the remainder when i is divided by x?
3
Suppose 0*p - o = -4*p + 107, 4*o - 4 = 0. Calculate the remainder when p is divided by 10.
7
Calculate the remainder when 9/6*-2 + 53 is divided by 13.
11
Let t = 5 + -9. Let l(d) = -2 + 0*d + 3*d + d**2 + 3 - 4*d. What is the remainder when l(t) is divided by 11?
10
Suppose -2*r - r + 9 = 0. Suppose 5*j - 14 = r*q + 6, 5*j = -q. Let l = -3 - q. What is the remainder when 3 is divided by l?
1
What is the remainder when ((-255)/9)/(1/(-3)) is divided by 44?
41
Suppose d - 69 = -2*d. Calculate the remainder when 68 is divided by d.
22
Let v(l) = l**2 + 11*l + 8. Let k be v(-10). What is the remainder when (-45)/k - 3/2 is divided by (-13 + (-1 - -3))*-1?
10
What is the remainder when 76 is divided by ((-242)/66)/((-2)/6)?
10
Suppose 3*j - 3*l + 27 = 0, 12 = -j + 2*l + 2. Let z = j + 9. Calculate the remainder when z is divided by 1.
0
Let z(j) = 77*j. Calculate the remainder when z(1) is divided by 20.
17
Let o = 52 - 2. What is the remainder when o is divided by 13?
11
Suppose 0 = -2*t - 0*t. Let p = -3 + t. What is the remainder when 18 is divided by 3/p*(-12 + 2)?
8
What is the remainder when 19 is divided by -5 - (0 + -4) - -13?
7
Suppose 3*h - 58 = -5*s, 4*s = -4*h + 3*s + 49. Calculate the remainder when 30 is divided by h.
8
Suppose 0 = -5*h + 165 - 35. What is the remainder when h is divided by 9?
8
Let x = 1 - 1. Suppose -48 = -b + g, -4*b + 5*b - 43 = -4*g. Suppose 4*z - 13 - b = x. What is the remainder when 43 is divided by z?
13
Let v(b) = b**3 - 5*b**2 - b + 7. What is the remainder when 7 is divided by v(5)?
1
Suppose -3*o = -2*j + 43, 2*o + 90 = -0*j + 4*j. Suppose -5*q + j - 3 = 0. Calculate the remainder when (-14)/(-2)*(-2)/(-2) is divided by q.
3
Let a(j) = 69*j - 1. Suppose 5*p = -2*m + 125, -4*p + 0*p = 5*m - 117. What is the remainder when a(1) is divided by p?
22
Suppose 0 = l - 3. Let n(g) = g**3 - 2*g**2 - 4*g + 2. Let q be n(l). What is the remainder when 7 is divided by q + (5 - 1 - -1)?
3
Let f(u) = u**2 + 5. Let l = -31 + 34. What is the remainder when f(0) is divided by l?
2
Suppose 5*p - 120 - 45 = 0. Calculate the remainder when p is divided by 17.
16
Let l(a) = 4*a**3 + 3*a + 40. Let i(t) = 11*t**3 + 8*t + 120. Let c(f) = 3*i(f) - 8*l(f). Calculate the remainder when c(0) is divided by 14.
12
Let k(r) = r**2 + 5*r - 8. What is the remainder when k(-11) is divided by 30?
28
Suppose 5*r + h - 41 = 4*h, 4*h = -4*r + 52. Let k = -21 - -40. Calculate the remainder when k is divided by r.
9
Suppose 2*o + 1 = 2*a + 5, -o + 2*a = 2. Suppose 0 = -3*v + 6*v - o. Suppose v*w = 5*r + 15, -3*r - 6 + 3 = 0. What is the remainder when 9 is divided by w?
4
Suppose -5*w - 4*l - 522 = -8*w, w - 174 = 3*l. Suppose -5*r + w - 9 = -5*a, r = 2*a + 29. Let p = 5 + 8. Calculate the remainder when r is divided by p.
11
Suppose 0 = s - 2*s + 4. Let l(r) = r**2 - 2*r - 3. Calculate the remainder when 12 is divided by l(s).
2
Let j(w) = -8*w. Suppose -3*s = -12 - 39. What is the remainder when j(-4) is divided by s?
15
Suppose 10*x - 51 = 7*x. Calculate the remainder when 30 is divided by x.
13
Calculate the remainder when 244 is divided by (8/6)/((-12)/(-558)).
58
Let w(i) = -18*i - 1. Let r = 9 + -10. Calculate the remainder when 65 is divided by w(r).
14
Suppose 3*l + 5*y = 265, 10*l - 375 = 5*l + 5*y. What is the remainder when l is divided by 27?
26
Calculate the remainder when 22 - -3 - (-12)/6 is divided by 6.
3
Let q(m) = -m**2 - 8*m. Let i be q(-8). Suppose i*t = -3*t + 12. What is the remainder when 13 is divided by t?
1
Suppose 3*w + w - 56 = 0. Let t(z) = 2*z + 5. What is the remainder when w is divided by t(0)?
4
Suppose 87 = x - 3*o, -460 + 61 = -5*x + 3*o. Let g = -54 + x. What is the remainder when g is divided by 13?
11
Let g = 88 - 41. Calculate the remainder when g is divided by 25.
22
Let l = 64 + -10. Let s = l + -16. What is the remainder when s is divided by 13?
12
Suppose 3*d + 1 = d + 5*p, 0 = d - 2*p. Calculate the remainder when 29 is divided by ((-3)/d)/((-3)/20).
9
Suppose -29 = -3*g + 16. Let k(w) = 18*w**2 - w - 2. Calculate the remainder when k(-2) is divided by g.
12
Let s = 41 + -15. What is the remainder when -4 + 8/(24/315) is divided by s?
23
Let d = -2 - -8. Calculate the remainder when 37 is divided by (-45)/d*8/(-6).
7
Let j(f) = -1 - f**3 - 2*f**3 + 2*f**3 - 1. Let g be j(-2). Suppose -2*l + 14 = g. What is the remainder when l is divided by 2?
0
Let l = 176 - 113. What is the remainder when l is divided by 33?
30
Let w be (-2 - 3) + (-2 - -4). Let u = 9 + w. Calculate the remainder when u is divided by 4.
2
Suppose 5*d - 106 - 99 = 0. What is the remainder when d is divided by 1 + (-2 - -3) + 12?
13
Suppose -5*j = l + 3*l - 209, -3*l = -2*j - 128. Calculate the remainder when l is divided by 6.
4
Let q(c) = c**3 - 4*c**2 - 4*c + 2. Calculate the remainder when q(6) is divided by 13.
11
Suppose -4*d - 2*j = -8, -j - 2*j + 4 = 4*d. Calculate the remainder when d is divided by 2.
0
Suppose i - 39 = -6. What is the remainder when i is divided by 18?
15
Let o = 26 - 11. Calculate the remainder when 42 is divided by o.
12
Suppose 4 = 5*d - 11. Suppose 0 = 2*p + 2*m - 12, d*p + 2*m - 22 = -p. Suppose -p*n + 5 + 40 = 0. What is the remainder when n is divided by 5?
4
Let 